es 31 divide 1672335?
False
Does 143 divide 3820960?
True
Does 1047 divide 3418455?
True
Is 40946 a multiple of 27?
False
Is 5631900 a multiple of 69?
False
Is 169205 a multiple of 399?
False
Does 31 divide 34130?
False
Is 20 a factor of 10592592?
False
Does 47 divide 392074?
True
Does 40 divide 9138?
False
Is 300252 a multiple of 131?
True
Is 464 a factor of 6269568?
True
Does 23 divide 2700634?
False
Is 787140 a multiple of 45?
True
Does 14 divide 174373?
False
Is 71 a factor of 106997?
True
Is 78048 a multiple of 9?
True
Is 164 a factor of 1285760?
True
Is 13 a factor of 3157492?
True
Does 14 divide 850248?
True
Is 64 a factor of 1439685?
False
Is 225 a factor of 2164050?
True
Is 48 a factor of 135585?
False
Is 534976 a multiple of 13?
True
Does 178 divide 894092?
False
Is 16 a factor of 306448?
True
Is 175940 a multiple of 38?
True
Is 573431 a multiple of 593?
True
Does 50 divide 122904?
False
Is 23920 a multiple of 52?
True
Is 2060626 a multiple of 19?
True
Does 180 divide 341100?
True
Is 1066 a factor of 2301140?
False
Is 345468 a multiple of 12?
True
Is 10316327 a multiple of 152?
False
Is 56 a factor of 15038388?
False
Is 1557 a factor of 23291163?
True
Does 17 divide 24548?
True
Is 108 a factor of 62748?
True
Is 200907 a multiple of 189?
True
Is 181 a factor of 11703?
False
Is 222 a factor of 4363632?
True
Is 51 a factor of 6075?
False
Does 15 divide 93450?
True
Does 21 divide 220185?
True
Does 22 divide 43912?
True
Does 154 divide 1927618?
True
Is 95 a factor of 18810?
True
Is 85713 a multiple of 8?
False
Is 928 a factor of 4050805?
False
Does 2 divide 121829?
False
Does 62 divide 17696560?
False
Does 415 divide 12178175?
True
Does 7 divide 355488?
True
Is 6236 a multiple of 12?
False
Is 14 a factor of 3698072?
True
Does 32 divide 521102?
False
Is 747682 a multiple of 149?
True
Is 178 a factor of 253454?
False
Does 122 divide 1678577?
False
Does 29 divide 22335645?
False
Is 2728117 a multiple of 275?
False
Does 11 divide 102348?
False
Is 14 a factor of 4835909?
False
Is 5439108 a multiple of 1884?
True
Does 102 divide 4182501?
False
Does 21 divide 931027?
False
Is 14425475 a multiple of 31?
False
Is 59654 a multiple of 3?
False
Is 223949 a multiple of 4?
False
Does 24 divide 5877072?
True
Is 3355427 a multiple of 17?
False
Is 1039580 a multiple of 59?
True
Does 97 divide 1924436?
False
Is 14 a factor of 45696?
True
Does 60 divide 522480?
True
Is 87 a factor of 528090?
True
Does 31 divide 3461925?
True
Is 100755 a multiple of 275?
False
Does 558 divide 549444?
False
Is 190 a factor of 421800?
True
Does 30 divide 10261110?
True
Does 111 divide 2872332?
False
Is 412298 even?
True
Does 56 divide 189392?
True
Is 1671 a factor of 8289831?
True
Is 207 a factor of 26496?
True
Is 2277036 a multiple of 22?
False
Is 21 a factor of 3714151?
False
Is 7016890 a multiple of 993?
False
Is 4 a factor of 1461243?
False
Is 8828826 a multiple of 27?
False
Is 50208 a multiple of 523?
True
Is 12185703 a multiple of 70?
False
Is 90 a factor of 1051940?
False
Is 1450416 a multiple of 176?
True
Is 196 a factor of 5669137?
False
Is 3195720 a multiple of 538?
True
Is 972648 a multiple of 6?
True
Does 134 divide 193764?
True
Does 171 divide 4123765?
False
Is 8 a factor of 465864?
True
Does 160 divide 17920?
True
Is 83151 a multiple of 249?
False
Is 37107 a multiple of 63?
True
Is 322 a factor of 706468?
True
Does 11 divide 163154?
False
Is 416324 a multiple of 37?
True
Is 320 a multiple of 32?
True
Is 3454 a multiple of 10?
False
Is 66888 a multiple of 12?
True
Is 12 a factor of 50160?
True
Is 703 a factor of 13017913?
False
Is 18 a factor of 6242507?
False
Is 476 a factor of 7245672?
True
Does 297 divide 296703?
True
Is 589260 a multiple of 20?
True
Is 165921 a multiple of 7?
True
Is 64 a factor of 151040?
True
Is 1433079 a multiple of 564?
False
Is 4974847 a multiple of 635?
False
Is 4075280 a multiple of 80?
True
Does 44 divide 6972544?
False
Does 67 divide 513110?
False
Is 2829042 a multiple of 438?
True
Is 52 a factor of 1395294?
False
Is 8 a factor of 35216?
True
Is 8181387 a multiple of 48?
False
Is 767463 a multiple of 47?
True
Does 135 divide 253260?
True
Does 61 divide 1290936?
False
Does 26 divide 5148921?
False
Does 28 divide 187404?
True
Is 37644 a multiple of 4?
True
Does 249 divide 405145?
False
Does 7 divide 56588?
True
Is 71722 a multiple of 109?
True
Is 395388 a multiple of 55?
False
Is 437 a factor of 833796?
True
Is 1243200 a multiple of 672?
True
Does 17 divide 68780?
False
Does 8 divide 85678?
False
Is 40 a factor of 12559880?
True
Is 80 a factor of 41006720?
True
Is 128 a factor of 325760?
True
Is 5 a factor of 282620?
True
Does 17 divide 1114503?
True
Is 159211 a multiple of 13?
True
Does 9 divide 1352008?
False
Is 25066 a multiple of 83?
True
Is 289 a factor of 280330?
True
Is 3 a factor of 228996?
True
Is 1078954 a multiple of 20?
False
Is 545097 a multiple of 21?
True
Is 59 a factor of 3227094?
False
Does 34 divide 15562956?
True
Is 106884 a multiple of 9?
True
Does 448 divide 617218?
False
Does 15 divide 2370166?
False
Does 3 divide 453366?
True
Is 523967 a multiple of 125?
False
Does 151 divide 2551145?
True
Does 124 divide 1097524?
True
Does 24 divide 1031280?
True
Does 9 divide 41922?
True
Is 97 a factor of 409146?
True
Is 931672 a multiple of 56?
True
Is 543 a factor of 853053?
True
Is 448011 a multiple of 7?
False
Does 13 divide 14079?
True
Does 12 divide 615912?
True
Is 725814 a multiple of 27?
True
Is 430201 a multiple of 254?
False
Is 20833 a multiple of 138?
False
Is 30379 a multiple of 82?
False
Does 1238 divide 5814886?
True
Is 114131 a multiple of 61?
True
Is 9 a factor of 87065?
False
Is 3784431 a multiple of 48?
False
Is 199398 a multiple of 86?
False
Is 52 a factor of 724218?
False
Is 673432 a multiple of 69?
False
Is 4603662 a multiple of 468?
False
Is 5090874 a multiple of 42?
False
Is 363 a factor of 2484009?
True
Is 808731 a multiple of 33?
True
Is 685736 a multiple of 5?
False
Is 1417 a factor of 3901290?
False
Is 98 a factor of 171696?
True
Is 48 a factor of 1389889?
False
Is 44 a factor of 61671?
False
Does 87 divide 3642168?
True
Is 9179950 a multiple of 145?
True
Does 4 divide 14298?
False
Is 114 a factor of 315894?
True
Does 61 divide 716965?
False
Does 39 divide 20319?
True
Is 3989430 a multiple of 79?
False
Is 540842 a multiple of 66?
False
Is 2881928 a multiple of 106?
True
Is 1280931 a multiple of 73?
True
Is 3518560 a multiple of 40?
True
Does 31 divide 161789?
True
Does 500 divide 22003000?
True
Does 66 divide 897666?
True
Is 1169632 a multiple of 30?
False
Is 15 a factor of 1297281?
False
Is 7 a factor of 3190103?
True
Does 1103 divide 1469196?
True
Does 116 divide 47468?
False
Is 98 a factor of 3422650?
True
Does 184 divide 6849286?
False
Does 16 divide 2153840?
True
Is 2074131 a multiple of 951?
True
Is 3 a factor of 160770?
True
Is 166 a factor of 5887925?
False
Is 634 a factor of 7181952?
True
Does 37 divide 980393?
False
Is 2 a factor of 19666?
True
Does 96 divide 1548672?
True
Is 28 a factor of 25281116?
True
Is 1459149 a multiple of 27?
False
Does 165 divide 266200?
False
Is 13 a factor of 1913018?
False
Does 68 divide 21907?
False
Does 14 divide 92147?
False
Is 129 a factor of 1388169?
True
Is 27618299 a multiple of 29?
False
Does 32 divide 855136?
True
Is 88 a factor of 3350864?
True
Is 113 a factor of 561981?
False
Is 106547 a multiple of 139?
False
Is 1043 a factor of 4252311?
True
Is 130051 a multiple of 39?
False
Is 512 a factor of 5200929?
False
Does 2 divide 138835?
False
Is 55 a factor of 1830961?
False
Is 913000 a multiple of 173?
False
Is 5 a factor of 1382202?
False
Does 775 divide 2832221?
False
Is 2267218 a multiple of 508?
False
Does 282 divide 242238?
True
Does 6 divide 586296?
True
Is 17514 a multiple of 6?
True
Does 381 divide 2678430?
True
Is 44096 a multiple of 92?
False
Is 13 a factor of 883431?
False
Is 5937394 a multiple of 66?
False
Does 34 divide 219402?
True
Does 935 divide 6251806?
False
Is 26 a factor of 81224?
True
Is 130 a factor of 3232704?
False
Is 296 a factor of 351482?
False
Is 42 a factor of 12352956?
True
Is 4456864 a multiple of 656?
True
Is 143715 a multiple of 3?
True
Is 119 a factor of 134463?
False
Is 2020354 a multiple of 1596?
False
Is 2152281 a m